 factors of (-1*22)/(y + -3)?
11
Let x(w) = 15*w + 4. Let l(y) = 44*y + 11. Let m(d) = -3*l(d) + 8*x(d). List the prime factors of m(-1).
11
Let x(k) = 2*k**3 - k**2 + k. Let u be x(1). List the prime factors of -1*u/(-4)*46.
23
Let s(c) = -c**3 - 7*c**2 + 11*c + 10. List the prime factors of s(-9).
73
Suppose -14 = -5*i + 11. Suppose -10 - i = -5*p. List the prime factors of p.
3
Let x(r) = r**2 + r + 2. Let l be x(4). Suppose 4*u = 35 + 33. Suppose -l = -3*g + u. What are the prime factors of g?
13
Let z be (-1 + -2)*(-42)/(-9). What are the prime factors of 0 + (-1 - 0 - z)?
13
Suppose -8*h - 112 = -12*h. List the prime factors of h.
2, 7
List the prime factors of (35 + -2)*(1 + 0).
3, 11
What are the prime factors of (-2 + 1)/2*-80?
2, 5
Let y(k) = 29*k + 29. What are the prime factors of y(4)?
5, 29
Let x(r) = 2*r**2 - 7*r - 8. What are the prime factors of x(10)?
2, 61
Suppose -3*h - n + 3 + 8 = 0, -5*h - 2*n = -17. Let d = 7 - h. Suppose -6*b + d*b = -40. What are the prime factors of b?
2, 5
Let y = 201 - 75. What are the prime factors of y?
2, 3, 7
Suppose 0 = -5*x - v + 571, x + 110 = 2*x - 4*v. What are the prime factors of x?
2, 3, 19
What are the prime factors of (-12)/28 + (-610)/(-35)?
17
Suppose 34 + 70 = a. What are the prime factors of a?
2, 13
Let l be 54/15*(-25)/(-2). Suppose -6*z + l = -5*z. What are the prime factors of z?
3, 5
Suppose 0 = 3*w - 4*w + 18. Let m = w - 14. List the prime factors of m.
2
Let b(x) = 2*x - 5 + x - 7*x - x. List the prime factors of b(-4).
3, 5
Suppose 0 = n + 10 - 81. List the prime factors of n.
71
Let h(r) = -13*r + 51. List the prime factors of h(-13).
2, 5, 11
Suppose -3*i + 280 = -2*t - 373, -5*t = -i + 222. What are the prime factors of i?
7, 31
Suppose 2*p + 28 = 90. What are the prime factors of p?
31
Let n = 14 + 16. Suppose l - k = -2 + 14, -k + n = 2*l. List the prime factors of l.
2, 7
Let b = 158 + -79. What are the prime factors of b?
79
Let w be ((-18)/15)/((-5)/(-25)). Let i(l) = 6 + 2*l - 14 + l**2 + 0*l**2. List the prime factors of i(w).
2
Let q(f) = f**3 + 7*f**2 - 10*f - 12. Let v be q(-8). Suppose -5*y + 44 = -l, v*l - 8*l = y + 8. List the prime factors of y.
2
Let o = 0 - -3. Suppose 0 = -o*p + 2*p + 33. List the prime factors of p.
3, 11
Let z(m) = m**2 - 5*m + 10. What are the prime factors of z(10)?
2, 3, 5
Suppose 70 = 4*i + 5*r - 44, 64 = 2*i - r. What are the prime factors of i?
31
Let l(s) = s**2 + 8*s + 5. Let x be l(-6). Let z be 1*5*(x + 5). Let c = 2 - z. What are the prime factors of c?
2, 3
Let c = 11 + -6. Suppose -c*x = -113 - 17. What are the prime factors of x?
2, 13
Let k = 2 + 0. Let u(i) = -3 + 5*i - k*i - 1. What are the prime factors of u(5)?
11
Let k(s) = s**3 - 2*s**2 - 5*s + 4. Let d be k(3). List the prime factors of d/(-10) - 87/(-15).
2, 3
Let q = -131 - -65. Let y = q - -118. What are the prime factors of y?
2, 13
Suppose 3*t = 7*t. Let o(h) = h - 1. Let w be o(t). Let q(p) = -2*p + 1. List the prime factors of q(w).
3
Suppose 1 - 3 = -2*y - a, -a + 8 = 5*y. Let m be 3 - 1/2*y. What are the prime factors of -3 - -11 - -1*m?
2, 5
Let g = 57 - 38. List the prime factors of g.
19
Let l(i) = i**2 + 3*i - 4. Let q be l(-4). Let v(j) = j + 12. Let b(u) = 2*u + 25. Let s(w) = -2*b(w) + 5*v(w). List the prime factors of s(q).
2, 5
Suppose -5*p - 4*t + 95 + 24 = 0, 5*p - 116 = -t. Suppose -2*z - 11 = -p. List the prime factors of z.
2, 3
Suppose -3*l - 5*o + 296 = -659, -4*l + 1284 = 4*o. What are the prime factors of l?
5, 13
Let x(t) = -30*t**3 + 2*t**2 + 2*t + 1. List the prime factors of x(-1).
31
Let f be 0/(1 - (4 - 2)). Suppose f = g + 2*g. Suppose -5*i + 0*i + 45 = g. List the prime factors of i.
3
Suppose 0 = 2*y + z + 27, 4*y - 4*z + 23 + 37 = 0. What are the prime factors of y/(-56) - 294/(-8)?
37
What are the prime factors of 247/4 + (-8)/(-32)?
2, 31
Suppose -1 = 5*m - 11. Suppose -r + m*r = 16. What are the prime factors of r?
2
Let f = 8 + 8. Suppose 5*u + 3*p - 57 = p, u + 5*p - f = 0. What are the prime factors of (u - -3) + (-6)/2?
11
Let x = 17 - 2. List the prime factors of x.
3, 5
Let i(c) be the second derivative of -c**5/5 - c**4/6 + c**3/3 - 4*c. What are the prime factors of i(-2)?
2, 5
List the prime factors of (-4)/10 + 4925/125.
3, 13
Let h = -1 - -2. What are the prime factors of (-4*h)/(-2) - -1?
3
Let m = -2 + 3. Let w(q) = 6*q**3 + 3*q**3 + q - q**2 + 0*q**3. What are the prime factors of w(m)?
3
Let m = 11 - 8. Suppose 3 = -0*a + m*a. Suppose -4*r = -3*i + 56, 2*i + 3*r - 10 + a = 0. List the prime factors of i.
2, 3
Let g be (-4 - 2)/(1/2). Let x be ((-2)/(-6))/((-2)/g). Suppose 0 = x*t - 0*t - 4. What are the prime factors of t?
2
Suppose -4*n - 2*f = -7*f + 130, n + f = -37. Let l = -61 + 12. Let t = n - l. List the prime factors of t.
2, 7
List the prime factors of ((-38)/(-57))/((-2)/(-270)).
2, 3, 5
Let p(c) = 23*c**2 + c + 1. Let t be p(-1). Suppose 0 = n - 4*u - 22, 2*n = -4*u + 7 - t. Let r = n + 1. What are the prime factors of r?
3
Let t(y) = -4 - 1 - 3*y**2 + 2*y**2 + 7*y. Let r be t(5). Suppose 2*v - 3*v + 3 = -r*q, 0 = -v - 4*q + 3. List the prime factors of v.
3
Let z(t) = -7*t**3 - 3*t**2 + t + 2. Let j be z(-2). Suppose -4*p - 86 = -3*b, 2*b + j - 107 = -3*p. What are the prime factors of b?
2, 3, 5
Suppose -2*h + 5*r = -39 - 4, 4*h - 44 = -4*r. What are the prime factors of h?
2, 7
Let m be 186/10 + (-4)/(-10). List the prime factors of (0 - -1) + m + -1.
19
Let j = 17 + -10. Suppose 0 = h + j - 26. What are the prime factors of h?
19
Suppose -2*s = -4*s - 2*n + 28, -4*s + 3*n = -77. Let h be 46/6 - 4/6. Suppose -y - h = -s. List the prime factors of y.
2, 5
Let b be 1 + 1 + -9 + 4. Let c be (2 + (-10)/b)*3. List the prime factors of (-2)/(c/10 - 2).
5
Suppose 7*b - 2*b - 235 = 0. Suppose f + a - 30 = -8, 0 = -f + 4*a + b. Let p = -14 + f. List the prime factors of p.
13
Let g = 134 - 92. What are the prime factors of g?
2, 3, 7
Let j be 18*((-3)/(-2) + -2). Let c = 14 - j. What are the prime factors of c?
23
Let j(u) = 1 - 3*u + u + 6. What are the prime factors of j(-5)?
17
What are the prime factors of 44/((-1)/(-3) - 0)?
2, 3, 11
Let o(n) = -n**3 - n**2 - n + 6. Let a be o(0). Let t = a + -10. List the prime factors of t*2/4*-1.
2
Let d(j) = -2*j + 1. Let k be d(-1). Suppose -2 = 5*z - 6*z - v, -k*z + 5*v + 6 = 0. What are the prime factors of z?
2
Let b be (-1)/(((-1)/4)/1). Let v be (-35)/(-8)*2*4. Suppose -b*h = -9*h + v. What are the prime factors of h?
7
Let b be 24/10*5/2. Suppose -3*w = -b*w - 15, 4*w + 2 = -2*r. What are the prime factors of r?
3
Suppose -5*x - 2*v + 309 = 0, 3*v = -5 - 4. What are the prime factors of x?
3, 7
Suppose -2*u + 134 = -7*s + 2*s, -2*u = -2*s - 122. What are the prime factors of u?
3, 19
List the prime factors of (9/6)/(7/126).
3
Let d(k) = -k**3 - 9*k**2 + 2. Let l be d(-9). What are the prime factors of (-2)/(-3)*(49 + l)?
2, 17
Let r(k) = -8*k. Let j be r(-1). Let f be j/(-10)*10/(-4). List the prime factors of 4/f*(-5)/(-2).
5
Suppose 0*p = 3*p - 363. Suppose p = 3*s + w - 44, -5*s - 4*w + 282 = 0. List the prime factors of s.
2, 3
Let f be 7/(42/(-20))*-6. Suppose -1 + 113 = 4*m. Let n = m - f. What are the prime factors of n?
2
List the prime factors of ((-32)/3)/((-8)/(-84))*-2.
2, 7
Let x be (-2)/6 - 40/(-12). Let r(k) = -x*k + 6*k - 2*k - 2. What are the prime factors of r(6)?
2
Suppose 7 - 17 = -a + 4*u, 4 = -2*a + 2*u. What are the prime factors of (21/14)/(a/(-52))?
13
Let v = 14 - 30. Let f = 23 + v. List the prime factors of f.
7
Let n(m) = -5 - 2*m + 3*m - m + m**2 - 3*m. List the prime factors of n(-5).
5, 7
Suppose 2*a + 5*d - 40 = 0, -d - 23 = -a - 2*d. List the prime factors of a.
5
Suppose 28 = -0*m + 4*m. Suppose -4*p = m - 19. What are the prime factors of p?
3
Let p(c) = -2*c**3 - 4*c**2 + 3*c + 7. What are the prime factors of p(-5)?
2, 71
Suppose 6*w + 5 - 35 = 0. Suppose 0 = 4*d - 7*d + 15. Suppose -w*x + 45 = 4*u - 0*u, 5 = d*u - 4*x. What are the prime factors of u?
5
Let t(r) = -r**2 + 2*r + 15. What are the prime factors of t(0)?
3, 5
Suppose 0 = 6*u - 2*u - 28. Let t = 5 + u. Let p = t + 1. List the prime factors of p.
13
Let z(l) be the second derivative of -1/3*l**3 + 2*l**2 + l + 0. List the prime factors of z(-3).
2, 5
